 factors of 845043?
3, 23, 37, 331
What are the prime factors of 29822?
2, 13, 31, 37
List the prime factors of 19709100.
2, 3, 5, 61, 359
What are the prime factors of 1599837?
3, 197, 2707
List the prime factors of 995721.
3, 331907
What are the prime factors of 8965947?
3, 79, 37831
What are the prime factors of 1023917?
181, 5657
List the prime factors of 188869.
188869
What are the prime factors of 310421?
53, 5857
What are the prime factors of 3213801?
3, 31, 11519
List the prime factors of 2549237.
2549237
What are the prime factors of 32485?
5, 73, 89
List the prime factors of 253232.
2, 7, 17, 19
What are the prime factors of 59143?
7, 17, 71
List the prime factors of 6576612.
2, 3, 7, 59, 1327
What are the prime factors of 1158224?
2, 191, 379
List the prime factors of 8161643.
7, 1165949
What are the prime factors of 4921850?
2, 5, 173, 569
List the prime factors of 252382.
2, 13, 17, 571
What are the prime factors of 2113089?
3, 11, 64033
What are the prime factors of 1421250?
2, 3, 5, 379
What are the prime factors of 3841732?
2, 661, 1453
List the prime factors of 12300263.
29, 424147
What are the prime factors of 1757650?
2, 5, 35153
What are the prime factors of 18637421?
11, 1694311
List the prime factors of 198187.
11, 43, 419
List the prime factors of 196461.
3, 83, 263
List the prime factors of 838329.
3, 279443
What are the prime factors of 3805753?
7, 543679
List the prime factors of 6055895.
5, 1211179
What are the prime factors of 4168341?
3, 51461
List the prime factors of 2744893.
83, 33071
List the prime factors of 25710.
2, 3, 5, 857
List the prime factors of 12674039.
7, 1810577
List the prime factors of 211665.
3, 5, 103, 137
List the prime factors of 3784904.
2, 73, 6481
List the prime factors of 18589041.
3, 17, 40499
What are the prime factors of 2214133?
79, 28027
List the prime factors of 1233746.
2, 19, 32467
List the prime factors of 187239.
3, 13, 4801
What are the prime factors of 19292663?
13, 1484051
What are the prime factors of 635175?
3, 5, 941
What are the prime factors of 14608088?
2, 11, 15091
What are the prime factors of 3619049?
7, 83, 6229
What are the prime factors of 1444188?
2, 3, 120349
What are the prime factors of 548605?
5, 109721
What are the prime factors of 354135?
3, 5, 23609
What are the prime factors of 41383?
29, 1427
What are the prime factors of 4496695?
5, 7, 128477
What are the prime factors of 502970?
2, 5, 13, 53, 73
List the prime factors of 449847.
3, 16661
List the prime factors of 31848.
2, 3, 1327
What are the prime factors of 2776722?
2, 3, 13, 97, 367
What are the prime factors of 714860?
2, 5, 31, 1153
What are the prime factors of 319340?
2, 5, 7, 2281
What are the prime factors of 440811?
3, 7, 6997
List the prime factors of 4186176.
2, 3, 21803
List the prime factors of 278099.
47, 61, 97
What are the prime factors of 438420?
2, 3, 5, 7307
List the prime factors of 112776.
2, 3, 37, 127
What are the prime factors of 3913111?
17, 383, 601
List the prime factors of 12263312.
2, 766457
List the prime factors of 614067.
3, 79, 2591
What are the prime factors of 3858836?
2, 59, 83, 197
What are the prime factors of 189287?
7, 3863
List the prime factors of 210000.
2, 3, 5, 7
List the prime factors of 494148.
2, 3, 41179
List the prime factors of 473771.
383, 1237
What are the prime factors of 2063346?
2, 3, 343891
What are the prime factors of 586245?
3, 5, 11, 17, 19
List the prime factors of 9177231.
3, 7, 437011
What are the prime factors of 3685381?
7, 526483
List the prime factors of 24364606.
2, 7, 1223, 1423
List the prime factors of 493049.
493049
What are the prime factors of 1328273?
23, 57751
List the prime factors of 7671684.
2, 3, 639307
What are the prime factors of 45714?
2, 3, 19, 401
What are the prime factors of 958480?
2, 5, 11981
What are the prime factors of 1217767?
19, 107, 599
List the prime factors of 453278.
2, 7, 32377
What are the prime factors of 601391?
7, 53, 1621
What are the prime factors of 11800682?
2, 1429, 4129
What are the prime factors of 754304?
2, 71, 83
List the prime factors of 636190.
2, 5, 113, 563
List the prime factors of 396922.
2, 198461
List the prime factors of 32848408.
2, 347, 11833
What are the prime factors of 227820?
2, 3, 5, 3797
What are the prime factors of 13558906?
2, 6779453
What are the prime factors of 2611834?
2, 23, 56779
List the prime factors of 392248.
2, 49031
List the prime factors of 177247.
7, 25321
List the prime factors of 10645882.
2, 13, 71, 73, 79
What are the prime factors of 11974398?
2, 3, 23, 86771
List the prime factors of 3162724.
2, 47, 16823
List the prime factors of 117160.
2, 5, 29, 101
List the prime factors of 508290.
2, 3, 5, 16943
List the prime factors of 1002433.
1002433
What are the prime factors of 15955043?
13, 47, 26113
List the prime factors of 1298186.
2, 649093
What are the prime factors of 332779?
332779
What are the prime factors of 17193103?
17, 1011359
List the prime factors of 279634.
2, 23, 6079
What are the prime factors of 33617001?
3, 11, 1018697
What are the prime factors of 1909908?
2, 3, 7, 11, 13, 53
What are the prime factors of 17214215?
5, 127, 27109
List the prime factors of 3939787.
3939787
What are the prime factors of 10433076?
2, 3, 23, 103, 367
List the prime factors of 1169189.
7, 107, 223
What are the prime factors of 461640?
2, 3, 5, 3847
What are the prime factors of 119164?
2, 31
What are the prime factors of 194560?
2, 5, 19
List the prime factors of 2664935.
5, 7, 13, 5857
List the prime factors of 297121.
11, 27011
List the prime factors of 3439220.
2, 5, 359, 479
List the prime factors of 845280.
2, 3, 5, 587
What are the prime factors of 18574?
2, 37, 251
What are the prime factors of 707745?
3, 5, 29, 1627
What are the prime factors of 2282777?
7, 17, 19183
What are the prime factors of 1874012?
2, 7, 17, 31, 127
List the prime factors of 705620.
2, 5, 35281
What are the prime factors of 1252237?
7, 17, 619
List the prime factors of 335062.
2, 7, 13, 263
What are the prime factors of 1438887?
3, 479629
List the prime factors of 89550.
2, 3, 5, 199
List the prime factors of 416302.
2, 163, 1277
What are the prime factors of 110291?
110291
List the prime factors of 209714.
2, 23, 47, 97
What are the prime factors of 1783827?
3, 17, 89, 131
What are the prime factors of 474973?
23, 107, 193
What are the prime factors of 201876?
2, 3, 16823
List the prime factors of 6977790.
2, 3, 5, 31, 41, 61
List the prime factors of 401287.
401287
List the prime factors of 1062017.
11, 67, 131
List the prime factors of 19720024.
2, 19, 129737
List the prime factors of 19413722.
2, 137, 70853
What are the prime factors of 4467059?
4467059
What are the prime factors of 77547?
3, 25849
List the prime factors of 239651.
367, 653
List the prime factors of 731724.
2, 3, 7, 31, 281
What are the prime factors of 535607?
535607
What are the prime factors of 1618905?
3, 5, 107927
What are the prime factors of 4413054?
2, 3, 19, 38711
What are the prime factors of 22961322?
2, 3, 17, 75037
What are the prime factors of 21357133?
7, 23, 109, 1217
List the prime factors of 380081.
13, 173
List the prime factors of 1944851.
17, 233, 491
What are the prime factors of 21356487?
3, 223, 3547
What are the prime factors of 5330756?
2, 23, 57943
List the prime factors of 92999.
113, 823
List the prime factors of 10682623.
7, 1526089
List the prime factors of 4974693.
3, 17, 23, 4241
What are the prime factors of 7586659?
7586659
What are the prime factors of 23155365?
3, 5, 23, 41, 1637
List the prime factors of 228830.
2, 5, 7, 467
List the prime factors of 763127.
31, 103, 239
What are the prime factors of 3376420?
2, 5, 401, 421
What are the prime factors of 382049?
83, 4603
List the prime factors of 7051.
11, 641
List the prime factors of 20486248.
2, 829, 3089
List the prime factors of 784195.
5, 47, 71
List the prime factors of 118027.
7, 13, 1297
What are the prime factors of 16348?
2, 61, 67
What are the prime factors of 47523?
3, 7, 31, 73
What are the prime factors of 835226?
2, 7, 59659
What are the prime factors of 38747?
38747
What are the prime factors of 1325800?
2, 5, 7, 947
What are the prime factors of 13063267?
7, 197, 9473
What are the prime factor